ose a + 309 = 22*h. Calculate the highest common factor of 30 and h.
15
Let o be 2190*2/(-5)*(-280)/336. Calculate the greatest common divisor of 584 and o.
146
Suppose -5*k = 2*z - 58, 6 = -5*k + 2*z + 68. Calculate the greatest common divisor of 1512 and k.
12
Suppose 21*b - 558 = 1626. Calculate the highest common factor of b and 377.
13
Suppose 17*l - 15*l + 132 = 2*o, 0 = o + 3*l - 54. Suppose 0 = -4*c - 4*t + 16, 22 = 2*c - t + 5. What is the highest common factor of c and o?
7
Let r be -1039 - -1093 - (-1 - (1 - 8)). What is the highest common factor of 2224 and r?
16
Let l = -979 + 755. Let k = l - -275. Let v be 67 - -1*(1 - 0). Calculate the greatest common divisor of v and k.
17
Suppose -24*c + 7018 - 298 = 0. Calculate the highest common divisor of 7945 and c.
35
Suppose -4*z + 1252 = -20*k + 22*k, 2*k - 4*z = 1300. Calculate the greatest common divisor of 308 and k.
22
Suppose -342 = 2*s + x - 867, -s = -2*x - 270. What is the greatest common divisor of 768 and s?
24
Let z be 406/8 + 66/(-88). Let b = 31 - z. Let i = -10 - b. What is the greatest common divisor of i and 72?
9
Suppose -3*m - 4*h = -919, -h + 775 - 174 = 2*m. Calculate the greatest common factor of m and 363.
33
Let p(t) = t**2 + t + 48. Let k be p(0). Let y = 283 + -240. Suppose 2*b - y - 53 = 0. Calculate the highest common divisor of b and k.
48
Suppose -q = q - 56. Let x be (6 - 11 - -4)*1*-3. Suppose k - i - 8 = -2, x*k + 2*i = 23. Calculate the highest common divisor of q and k.
7
Let y(z) = z**2 + 6*z + 3. Let q be y(-6). Let b be ((-6)/(-18) - (-11)/3) + -52. Let k be b/(-18) + q/9. What is the greatest common divisor of k and 33?
3
Let k(o) = 4*o**2 - 118*o - 27. Let z be k(30). What is the highest common divisor of 231 and z?
33
Let g(l) = 2*l**3 + 40*l**2 + 35*l - 47. Let f be g(-19). Let i = 363 - 253. What is the highest common factor of i and f?
10
Let p(c) = -c**2 + 20*c - 58. Let f be ((-6)/(-16))/((-17)/34)*-16. Let k be p(f). What is the highest common divisor of 418 and k?
38
Let t be (-154)/(((-35)/(-175))/(8/(-10))). What is the highest common factor of 286 and t?
22
Let o(s) = 17*s - 342. Let y be o(41). Calculate the greatest common factor of 2 and y.
1
Suppose 2*o = -4*x + 442, -27*o + 26*o - 4*x + 223 = 0. Calculate the highest common factor of 15 and o.
3
Let i be 1/4*(20/3)/((-121)/(-3267)). Calculate the highest common divisor of i and 17130.
15
Let i = -681 + 807. What is the highest common divisor of 896 and i?
14
Let p = 117 - 113. Suppose 93 = -3*x + 4*c + 513, -p*x + 591 = 5*c. Let k(y) = -y**2 + y + 18. Let i be k(0). Calculate the greatest common divisor of x and i.
18
Let s(b) = 5*b + 342. Let m be s(-14). Let p = 96 + -62. What is the highest common factor of m and p?
34
Let i(u) = -u**3 + 30*u**2 + 33*u - 59. Let b be i(31). Suppose -b*o + 3 = 3*g, -g - 2*o - o - 5 = 0. What is the greatest common divisor of 4 and g?
4
Let w = 117 - 81. Suppose 12721*z + 44928 = 12913*z. Calculate the highest common factor of w and z.
18
Suppose -2*c + 4*d + 2772 = 0, -269*c + 2*d - 1370 = -270*c. What is the greatest common divisor of c and 212?
106
Let o be (2/(-8))/((-287)/19516). Let t = -32 - -66. Calculate the highest common divisor of o and t.
17
Suppose 1 = 5*c - 24. Suppose 3*n = c*w - 15, -2*w - 2*w + 3*n + 12 = 0. Suppose w*k = -9, -3*r = k + 5 - 80. Calculate the highest common factor of r and 104.
26
Suppose a - 5*d - 46515 = 0, 87*a + 5*d = 82*a + 232605. Calculate the greatest common factor of 40 and a.
40
Let u be 76/2 - (2 + -3). Suppose -3*b + u = 3. Let d be 369/b*12/9. What is the greatest common divisor of d and 369?
41
Let k = -85 - -87. Let s be (2 - k - -105)*(-18)/(-21). What is the highest common divisor of 130 and s?
10
Suppose 529*b = 583*b - 2376. Calculate the greatest common divisor of b and 1287.
11
Suppose 30806 = -57*q + 82790. What is the greatest common divisor of q and 96?
48
Let l(k) = 5 + 2*k**2 - 61*k + 71 - 34. Let g be l(30). What is the highest common factor of 408 and g?
12
Let t(y) be the first derivative of 53*y**3/3 - 15*y**2/2 - 28*y - 40. Let d be t(-3). What is the greatest common divisor of 38 and d?
38
Let x(d) = -739*d - 7 - 745*d + 1477*d + 240*d**2. Let l be x(-1). What is the greatest common divisor of 48 and l?
48
Let z be ((-2)/(-14))/(126/(-13986))*-14. Calculate the greatest common divisor of 4292 and z.
74
Let d(n) = -n**3 + 6*n**2 - 8*n + 5. Let w be d(4). Suppose -25 = w*u, 4*m - 795 = u - 54. Calculate the greatest common factor of m and 46.
46
Let j(s) = 22*s**2 + 51*s - 15. Let r be j(5). Suppose -106*i + 103*i = 2*c - r, i + c - 265 = 0. Calculate the greatest common divisor of 195 and i.
65
Let o be 10944/(-2128)*7/(-2). What is the greatest common divisor of 3393 and o?
9
Let c be 3908/16 + 6/8. Let w(y) = -10*y + 840. Let b be w(70). Calculate the highest common factor of b and c.
35
Let a be -1*1/(-4)*12. Suppose -a*m + 187 = 67. Let w = m - 30. What is the greatest common factor of 20 and w?
10
Let y(l) = 5*l**2 - l**3 + 2*l + 2 + 5*l**2 - l**2. Let d = 1753 - 1744. Let c be y(d). What is the greatest common factor of c and 60?
20
Let m = -31 - 9. Let c = 9 - m. Let h = 459 - 263. Calculate the highest common divisor of c and h.
49
Let p be 8/(-5 - -1) - -32. Let j be ((-20)/p)/(0 + 6/(-1287)). Calculate the highest common factor of j and 22.
11
Let l(w) = w**3 - 18*w**2 + 7*w - 54. Let s be l(18). Suppose -76*t - s = -78*t. What is the highest common divisor of 288 and t?
36
Let y(c) = -c**3 - 16*c**2 - 74*c - 47. Let j be y(-10). What is the greatest common factor of 15 and j?
3
Suppose -2*c - 113 = -377. Suppose -10 = -2*b - 16. Let n = b - -15. What is the greatest common factor of c and n?
12
Let r be (6/15)/((-2)/(-110)). Let n = 423 - -202. Let s = n + -559. What is the highest common divisor of s and r?
22
Let t be (28 - 22) + (-1 - -1447). What is the highest common divisor of 12 and t?
12
Let x = -842 - -86. Let f be x/49*7/(-2). Let m = 12 - 6. What is the highest common factor of m and f?
6
Suppose 19 + 11 = -3*y. Let q be 1078/6 + (-6)/9. Let n = y + q. What is the highest common factor of n and 13?
13
Let o(x) = 4*x**2 + 13*x - 12. Let w be o(15). Suppose 11*u - 2580 - w = 0. Calculate the highest common factor of 37 and u.
37
Suppose 2*s = 32 + 32. Let t be (-15 + -1)/(3/(-12)). Calculate the greatest common factor of t and s.
32
Suppose -14676 = 202*c - 76488. Calculate the highest common factor of 576 and c.
18
Let g be 36/(-1)*(-30)/15 - (-5 - 2). Calculate the greatest common factor of 5293 and g.
79
Let f be 8896/38 + (-15)/190*12/9. Calculate the highest common divisor of f and 19422.
234
Let x(d) = -2*d**2 + 19*d + 1181. Let y be x(29). Let z(v) = 10*v. Let f be z(2). What is the highest common divisor of y and f?
10
Let w = 12531 - 8595. What is the greatest common factor of 160 and w?
32
Suppose -279*s + 289*s = 210. What is the highest common factor of 6 and s?
3
Let c = -2003 - -2765. Calculate the greatest common factor of 9 and c.
3
Suppose 59*z - 5016 = -296. Calculate the greatest common divisor of 18520 and z.
40
Suppose 12 = -58*f + 61*f, 2*f = -2*o + 2564. Calculate the highest common factor of o and 72.
18
Suppose 0 = -4*q - 2*j + 65376 + 12088, 4*q - 77448 = -4*j. What is the highest common divisor of 130 and q?
130
Let q(i) = 39*i**2 + 8*i + 35. Let d be q(5). Suppose 0 = 3*v - 4 - 59. Calculate the highest common factor of d and v.
21
Suppose 42 = -3*z + 6*z. Let r be 3*(4/(-12) + (-416)/(-3)). Let m = r - 261. Calculate the highest common factor of m and z.
14
Let x(a) = 18*a**3 + a**2 + 2*a - 9. Let k be x(3). Suppose -847*j = -850*j + k. What is the greatest common factor of 8 and j?
4
Let g be 14/(-5)*(-38 - 2). Suppose -324 = -37*o - 28. Suppose o = 2*z, 4*n - 164 = -n - z. What is the highest common divisor of n and g?
16
Suppose 0 = d, -4*s - 5*d = -10*d - 48. Let b be 1578/33 - 6/(-33). Let q be -9*1*b/(-9). What is the highest common divisor of s and q?
12
Suppose -p = -7*y + 5*y - 7, 4*y = 20. Suppose -p*z + 12*z = -150. Calculate the highest common divisor of 6 and z.
6
Suppose 6*f = -5*t + 3, -125*t - 14 = -129*t + f. What is the greatest common divisor of 53 and t?
1
Suppose 279*q - 8171 = 258*q - 2459. What is the highe